 composite?
True
Let f be 23/5 + 15/(-25). Suppose -4*q = -3*d + 26, f*d = 7*d + 5*q - 35. Is d prime?
False
Suppose 0*n + 2*n = -4. Let o = n + 0. Is ((-4)/(-5))/(o/(-10)) a composite number?
True
Is 2 - (-444 - (6 + -3)) composite?
False
Let u = 74 + 3. Is u composite?
True
Let c(q) = -q**2 + 3*q + 5. Let v be c(5). Let w(z) be the second derivative of z**4/12 - z**3/6 - 7*z**2/2 + 2*z. Is w(v) a composite number?
False
Let w(k) = -20*k + 21. Let t be w(-11). Let g = t - 114. Is g a composite number?
False
Let y = 409 - -478. Is y prime?
True
Let j be (-1 - -7)/((-2)/(-1)). Let s(o) be the second derivative of 7*o**4/6 - o**3/6 + 2*o**2 - o. Is s(j) a prime number?
True
Let n(d) = -d**3 + 18*d**2 + 13*d - 31. Is n(11) prime?
False
Suppose 380 = 5*i + 2*p + 49, 4*p = -3*i + 207. Let l be 0 - 29 - (-2)/(-2). Let y = l + i. Is y a composite number?
True
Let z(j) = 2*j**3 - 6*j**2 + 3*j + 5. Is z(4) prime?
False
Suppose 4*u + 4*a = -4, 1 = 5*u - 10*u - 4*a. Suppose -u*j = -2*j - 33. Suppose 30 = 3*v - j. Is v prime?
False
Suppose 2*i - 422 = -3*z + 3*i, 425 = 3*z + 2*i. Is z a composite number?
True
Let l(k) = 11*k**2 - 2*k - 4. Is l(3) a composite number?
False
Suppose -2*b - 106 = -h + 1, 4*h + 5*b = 467. Is h a composite number?
False
Let n(w) = -23*w - 39. Is n(-10) a composite number?
False
Let g = 4 - 4. Let c be 2 - -4 - (g - 0). Suppose 0 = -q + 49 + c. Is q composite?
True
Suppose -16429 = -7*r + 3066. Is r prime?
False
Suppose -4*g = 5*t, -3*t = -t + 2*g. Suppose t = 3*v - 3*o - 2904, 2*v = -v + 4*o + 2899. Is v composite?
True
Let g(x) = x**2 + x - 22. Let c(w) = -3*w**2 - 3*w + 66. Let m(k) = 3*c(k) + 8*g(k). Is m(0) a composite number?
True
Suppose -3*f + 1 = -5. Let r be (-8)/3*(f - 5). Is (r/(-12))/((-2)/111) composite?
False
Let f = -3 + 15. Let v = f - -43. Is v composite?
True
Suppose -9 = k - 2. Let z = 46 - k. Is z prime?
True
Let m = -8 + 11. Suppose 0 = -3*j + m*g + 22 + 14, 4*g + 8 = -j. Suppose 2*d - j = -2. Is d composite?
False
Let v(l) = -16*l**2 + l. Let s(d) = 47*d**2 - 3*d. Let y(j) = 4*s(j) + 11*v(j). Is y(2) a composite number?
True
Is 3 + -2 + 2 + 74 composite?
True
Let f be (-6)/4*20/6. Suppose -5*c - 2*h + 560 = 0, c - 3*h + 57 - 152 = 0. Let j = c - f. Is j composite?
True
Suppose 0 = -0*c + 5*c - 225. Let w = 73 + c. Is w composite?
True
Let n be (-9)/(-6) + 2/4. Suppose 0 = -3*f + n*i + 315, f = 5*f - 4*i - 424. Is f prime?
True
Let q(x) be the second derivative of x**4/6 + 4*x**3/3 - x**2 - 3*x. Is q(-6) prime?
False
Let g be (0 - -1)/(-1)*-3. Let c = 3 + g. Is c prime?
False
Let n be 2*-3*4/(-6). Suppose n*v = 2*v + 586. Is v prime?
True
Suppose 3*y - l = 47, -l - l + 34 = 2*y. Let f = 9 - y. Let h(k) = -6*k - 8. Is h(f) composite?
True
Let b(a) = a**2 - a + 3. Suppose -v + 13 = 3*m, 0 = -3*v - 0*v - m + 15. Suppose -3*o = -c + 8, v*o - 6*o = 5*c + 28. Is b(c) prime?
True
Let l(c) = -21*c**2 - 3*c + 25. Let d(i) = 10*i**2 + i - 12. Let z(k) = 13*d(k) + 6*l(k). Let t be z(-4). Suppose -5*w = -t - 347. Is w prime?
False
Suppose -3*r + 4*q = -354, 3*r + 2*q - 4*q - 360 = 0. Is r a composite number?
True
Suppose 5*x = x + 5*k + 2004, 2*k - 2505 = -5*x. Is x a composite number?
True
Suppose -4 - 12 = -4*l. Suppose -3*x = -2*k + 47 + 24, 151 = l*k + 3*x. Is k a composite number?
False
Let t = -7 + 12. Let g be 3/(0 - -3)*3. Suppose -g*v = 0, x + 452 = t*x + v. Is x prime?
True
Suppose 0 = u - 52 + 1. Let f = u + -20. Is f a composite number?
False
Let d(f) = -f**2 + 3. Suppose b = 1 + 3. Let m = b + -4. Is d(m) prime?
True
Let z be -3 + (182 - (2 - 2)). Suppose -t = 5*q - 819, -q - 5*t = -t - z. Is q a prime number?
True
Let u be (2 + (-9)/6)*-12. Let m(s) = -19*s - 3. Is m(u) prime?
False
Is 218 + 14/2 + -4 - -2 a composite number?
False
Let x be (8/(-6))/((-2)/(-6)). Let c = x - -9. Suppose -2*b + 254 = -4*d, -111 = -c*b + 5*d + 534. Is b prime?
True
Let n be (-54)/(-10) + 4/(-10). Suppose -3*m + 41 = -5*q - 7, 2*q + 61 = n*m. Is m prime?
True
Let i be (-3)/(-6) - (-161)/2. Suppose 68 = c - i. Is c prime?
True
Suppose -2*r + 262 + 582 = 0. Is r a prime number?
False
Let z(m) = m**2 + 348. Let s be z(0). Suppose -u = 3*u + s. Let c = 142 + u. Is c prime?
False
Let a = -1030 + 2249. Is a composite?
True
Let k(h) = h**2 - h + 1. Let q(a) = 16*a + 8. Let b(x) = -3*k(x) - q(x). Let t be b(-9). Let m = -6 - t. Is m composite?
False
Suppose 2*j = 4*j + 8. Is 310/8 - 1/j a composite number?
True
Let g(n) = -3*n**3 + n**2 - 4*n + 5. Let l(z) = z**3 - 8*z**2 + 5. Let a be l(8). Let o(y) = -4*y**3 - 4*y + 6. Let i(s) = a*g(s) - 4*o(s). Is i(-4) composite?
True
Is 76/16*2*10 prime?
False
Is (6654/9)/(4/6) composite?
False
Suppose q - 5*q = -152. Let r be 1 + 1*256/2. Let o = r - q. Is o prime?
False
Let s = -8 - -11. Suppose -2*u - 3*b = -163, -3*u - 2*u + 394 = s*b. Is u composite?
True
Let o = 1249 + -782. Is o a prime number?
True
Suppose 31*t - 32*t + 479 = 0. Is t composite?
False
Let s(a) = -a**2 + 20*a - 1. Let u = -33 + 47. Is s(u) a composite number?
False
Let n be 9/6*4/(-2). Let t be (-35)/((3 + 0)/n). Let m = -12 + t. Is m a composite number?
False
Let q(k) = k**3 + 4*k**2 + 2. Let s be q(-4). Suppose 3*c - n - 30 = 5*c, s*c = n - 34. Let j = 27 + c. Is j composite?
False
Let s(x) = 21*x + 1. Let l be s(7). Is l + 2/4*2 composite?
False
Let r(k) = 2*k**2 + 3*k. Let y be r(-8). Is ((-3)/(-4))/(2/y) a prime number?
False
Let m = -23 + 328. Is m prime?
False
Let r = 1039 - -826. Is r a composite number?
True
Suppose k = 2 + 1. Suppose -136 - 86 = -4*g + n, 5*n + 175 = k*g. Is g composite?
True
Let y = -131 + -28. Let q(x) = -3*x**2 - 7. Let v be q(5). Let h = v - y. Is h a prime number?
False
Let t be 2*(-2)/4 + 3. Let u be (t - 33/(-6))*6. Suppose c = -3*y + 41, -c - 4*y = y - u. Is c composite?
True
Suppose i - 3 = p - 3*p, p + i + 1 = 0. Suppose -g + 1435 = p*g. Is g a prime number?
False
Let g(r) be the third derivative of -3*r**2 - 1/6*r**3 + 0*r + 19/4*r**4 + 0. Is g(1) prime?
True
Let l be (10/(-4))/((-8)/16). Suppose l*h - x = 331, -h + 2*x + 55 = -x. Is h composite?
False
Suppose 6*x - 11*x + 10 = 0. Let j = x + 12. Is j a prime number?
False
Let q(i) = 122*i**2 - 4*i + 1. Is q(2) composite?
True
Let h(n) = n**2 + 2*n - 4. Let t be (2/2)/(7/(-21)). Let o be h(t). Is (37/3)/(o/(-15)) prime?
False
Let n(b) = -b**3 - 4*b**2 - 3*b + 3. Let s be n(-3). Suppose 5*i = s*h - 107 - 119, 4*h = i + 307. Is h composite?
True
Let u = 5 - 7. Suppose 2*j + 108 = 2*x + 42, 0 = -3*j + 4*x - 97. Is j/u*(-8)/(-10) a prime number?
False
Let z = 189 + 278. Is z prime?
True
Suppose -v = 5*y - 207, -5*y - 167 = -2*v + v. Is v prime?
False
Let j(h) = 2*h**3 + 2*h - 1. Suppose 2*a = 2 - 0. Let k be j(a). Is 120/16*14/k a prime number?
False
Let a(b) = 100*b**2 + 11. Is a(3) a prime number?
True
Is 1/(-1 - (-360)/359) prime?
True
Suppose -4*g - 11933 = -4*n + 55, 2*n = 4*g + 5990. Is n composite?
False
Suppose m = -3*m. Suppose m = r - 2 - 2. Suppose -r*q + 9 = -7, 4*q = -3*g + 127. Is g prime?
True
Let p(i) = i - 11. Let l(k) = k - 1. Suppose -4*n - 6 = -2. Let g(c) = n*p(c) + 4*l(c). Is g(10) a prime number?
True
Let b = 58 + -11. Is b a composite number?
False
Suppose -1431 = -m + 50. Is m prime?
True
Suppose y - 125 = 5*i - 2*i, 3*i - 214 = -2*y. Is y composite?
False
Let z = 274 + -404. Suppose q + 47 = 3*h + 3*q, -17 = -h - 2*q. Is (z/h)/((-2)/3) prime?
True
Suppose -5*l - 2*y + 2 = 0, l + 6 = -0*l - 2*y. Suppose -6*n + l*n = 4. Is 27/2 + n/2 a composite number?
False
Let o(s) = -s**3 + s**2 - 7*s + 17. Is o(-8) a composite number?
True
Let g = -20 + 30. Let k(h) = 2*h - g*h + 5 + 0 + 0. Is k(-8) a composite number?
True
Let j be (-320)/8 + -3*1. Is (-3 + j + 3)/(-1) a prime number?
True
Suppose -15638 = -7*a + 5*a. Is a composite?
True
Is 422/((-2)/3*-3) a prime number?
True
Let b(i) = -i**3 + 2*i**2 + 3*i + 4. Let l be b(3). Suppose 0*d = -l*d. Suppose 2*q - 15 + 1 = d. Is q prime?
True
Suppose 0*y - 2*y + 8 = -4*t, 5*y - 10 = 0. Let c be 1/6 - t/(-6). Suppose c = h - 217 + 32. Is h prime?
False
Let o(z) = -108*z + 71*z - 153*z - z. Is o(-1) prime?
True
Suppose -2*h - 1 = -357. Let d = h + -87. Is d prime?
False
Let z(a) = 8*a**3 + a**2 - a. Let x be z(-2). Let v be 10/(-45) + x/(-18). Is 94/3 - 1/v a prime number?
T